2619 + -1550. Let m = h + -181. List the prime factors of m.
2, 3, 37
Let z be (-3 + -2 + 3)*-1. Let u be (1 - 21/14)*0. Suppose -364 = -4*q + 2*m, -3*q - z*m = -u*q - 259. What are the prime factors of q?
89
Suppose 51 = -w - 3*z - 33, 0 = -4*w + 5*z - 336. Let h = w - -263. Let f = h + -108. What are the prime factors of f?
71
Suppose 21*u - 44*u + 27*u = 0. Suppose 4*s - 2*g - 3078 = u, 6*g = 8*g - 2. What are the prime factors of s?
2, 5, 7, 11
Let q(k) = 12*k - 14. Let u be q(3). Let j be (u + (-2)/(-2))*(-8)/4. Let i = j + 68. List the prime factors of i.
2, 11
Suppose 36*h - 47*h + 58773 = 0. List the prime factors of h.
3, 13, 137
Suppose 118219 = 5*c + 11239. What are the prime factors of c?
2, 3, 1783
Suppose 2*y - 30 - 813 = -t, 5*y = 3*t + 2080. Let p = 225 - y. Let m = p + 276. What are the prime factors of m?
2, 41
Let p(u) = u**3 - 14*u**2 + 25*u - 8. Let z be p(12). Suppose z*n + 2293 = 5*w + n, -460 = -w + 2*n. List the prime factors of w.
2, 229
Let o = 83834 - 32921. What are the prime factors of o?
3, 5657
Let d(c) be the third derivative of 85*c**4/24 - 23*c**3/6 - 3*c**2 + 59*c. List the prime factors of d(12).
997
Suppose d + 3*d - 2*t = -12, 4*d - 4*t = -4. List the prime factors of (-15)/d*2935/15.
587
Let u(f) = -16*f**3 + 5*f + 4. Let y be u(-5). Suppose -7*z + y = 131. What are the prime factors of z?
2, 3, 11
Let n be 10/(7/(-21)*-3). Let v(y) = 2*y**3 - 13*y**2 + 12*y - 27. What are the prime factors of v(n)?
13, 61
Let q = 64 + -16. Suppose q + 88 = i + 5*k, 2*i + 3*k = 265. List the prime factors of i.
131
Let h = -424 - -450. Suppose -17361 = -f - h*f. List the prime factors of f.
643
Suppose -15*f + 33 = -16*f. Let y = 30 - f. Suppose -21 = w - y. What are the prime factors of w?
2, 3, 7
Suppose -67704 = 52*t - 78*t. What are the prime factors of t?
2, 3, 7, 31
Suppose -69070 - 241922 = -44*o. What are the prime factors of o?
2, 3, 19, 31
Suppose 2 - 14 = -2*b. Let k(x) be the second derivative of -x**4/12 + 4*x**3/3 - 9*x**2/2 - 3232*x. List the prime factors of k(b).
3
Suppose 0 = 4*h - 23 - 9. Let g = h - 8. Suppose 3*w - 3*o - 192 = g, -2*w + 162 = w + 3*o. What are the prime factors of w?
59
Let u(s) = 108 - 34*s + 1 - 70 + 59 + 133. What are the prime factors of u(-41)?
5, 13
Let g(d) = 95*d - 39. Let z be g(4). Suppose w = 4*q + 244, 0 = -3*w + q + 435 + z. What are the prime factors of w?
2, 5, 13
List the prime factors of ((-6)/(-18)*139266/6)/(3 - 2).
3, 2579
Let z(l) = 51*l**2 + 2*l - 2. Suppose y + 56 + 23 = 0. Let n = -81 - y. What are the prime factors of z(n)?
2, 3, 11
Let d(p) = p**3 - 18*p**2 + 43*p + 34. Let f be d(15). Suppose f*w - 3906 = -2*y, -7*w - 973 = -8*w + 3*y. List the prime factors of w.
2, 61
Let l = -18676 - -78095. List the prime factors of l.
59419
Suppose 0 = -3*x - 5*z + 7 + 33, -2*x + 5*z - 15 = 0. Let c(f) = -673*f**2 + 7*f - 16 + 336*f**2 + 340*f**2. List the prime factors of c(x).
2, 47
Suppose -3*z - 18 = -2*a, 9*a - 6*a = 2*z + 12. List the prime factors of 12 + z - 1*(4 - 231).
233
Let m(v) = 43*v**2 + 21*v - 14. Let k(t) = 64*t**2 + 31*t - 21. Let z(g) = 5*k(g) - 7*m(g). What are the prime factors of z(5)?
2, 127
Let i = 2610 + -856. Suppose 0*f - 3*f - i = -4*n, -4*n + 1750 = -f. What are the prime factors of n?
19, 23
Let h(i) = -3*i**3 + 132*i**2 + 174*i - 37. List the prime factors of h(43).
2, 7, 29
Suppose -4*b = -4*h - 17884, 15*b + 3*h - 8952 = 13*b. What are the prime factors of b?
3, 7, 71
Let h be (-5)/(-30) + -3 + (-116)/(-24). Suppose -2*n + 556 = -2*g, -2*n + 3*n = h*g + 281. What are the prime factors of n?
5, 11
Suppose -6*b + 26962 = -17305 - 5839. What are the prime factors of b?
7, 1193
List the prime factors of (56/(-12) - -4)/((-62)/253704).
2, 11, 31
Let r(i) = -2*i + 1. Suppose 5*h = -o - 9, -h = -3*o + 22 - 1. Let p be r(o). Let d = p + 38. What are the prime factors of d?
3
Let k(v) = 108*v**2 + 88*v + 1131. What are the prime factors of k(-11)?
101, 131
Suppose 2*d = 849 + 1411. Suppose -2*h + 3*z = -d, 3*h + z + 2*z = 1725. Let q = h + -315. What are the prime factors of q?
2
Suppose -v - n = 4*n - 23, -4*v + 4*n = -44. Suppose -10*c - v*c = -1265. List the prime factors of c.
5, 11
Let o(n) = -807*n - 8099. List the prime factors of o(-70).
7, 31, 223
Let m(x) = 8052*x + 228. List the prime factors of m(1).
2, 3, 5, 23
Let q = 213 - -429. Let r = q + 685. What are the prime factors of r?
1327
Let n = -226 + 241. List the prime factors of (-29)/(-4)*(33 - n/(-5)).
3, 29
Suppose 4*i = 3*m - 13601, -159*m + 156*m + i = -13604. What are the prime factors of m?
5, 907
Let j be (2 - 4) + 1 + -3 - 3. Let f(a) = a**3 + 13*a**2 + 5*a - 2. Let v be f(j). Suppose l - 109 = -4*n, n + v = 3*l - n. What are the prime factors of l?
89
Suppose 831*g - 829*g - 35498 = -p, 3*g - 53273 = 5*p. What are the prime factors of g?
3, 61, 97
Let o = -311 + 7721. What are the prime factors of o?
2, 3, 5, 13, 19
Suppose -2*k - 4*f + 24424 = 0, -2*k - 470*f + 472*f + 24460 = 0. List the prime factors of k.
2, 191
Let x(u) = u**2 - u + 1. Let z be x(1). Let c be (84 + z)/5 + -2. List the prime factors of c/((-39)/(-15) + -2).
5
Let o = -3786 - 5009. What are the prime factors of o/(-6) + 37/222?
2, 733
Suppose d = -b + 21, -2*d + 2*b = b - 36. Let c(p) = -1 - 8*p**2 + 2*p + d*p**2 - 2*p**3 + p**3. What are the prime factors of c(10)?
7, 17
Let v(q) be the first derivative of q**2/2 + 9*q - 4. Let c be v(-4). Suppose c*g - 5*d - 140 = 70, -5*d = -4*g + 173. What are the prime factors of g?
37
Suppose -4*a + q = -5266, a - 2*q = -a + 2636. Suppose 3*z = 2*r - a, 0*z + 872 = -2*z - 4*r. Let v = -308 - z. List the prime factors of v.
2, 5, 13
What are the prime factors of ((-1)/(-7))/(60/2464980)?
5869
Let i be (2 - 3)*(-18 - -2). Let a be (-6)/i + (-295)/(-40). Suppose -3*m = a - 88. List the prime factors of m.
3
Let s = 2661 + 4286. What are the prime factors of s?
6947
Suppose 3460 = 8*o - 21892. List the prime factors of o.
3169
Let j = 9 + -7. Suppose 7*g + j*g = -297. Let p = 27 - g. List the prime factors of p.
2, 3, 5
Let m = 52 - 57. Let v be 332/5 + (-3)/m + 0. Suppose v - 24 = h. List the prime factors of h.
43
Suppose -49*z + 50*z = 154. Suppose 3*g - 344 = z. List the prime factors of g.
2, 83
Let q = -11819 - -13219. What are the prime factors of q?
2, 5, 7
Let h(s) = -33*s + 51. Let z be h(14). Let w = -273 - z. What are the prime factors of w?
2, 3, 23
Let x(t) = 3*t**3 + 9*t**2 - t - 30. List the prime factors of x(19).
13, 31, 59
Let y be 3/(-9) + (-13)/(195/(-80)). Suppose -4*q + y*j + 2816 = 343, 4*q + 4*j - 2428 = 0. List the prime factors of q.
2, 3, 17
Let o(y) = 8*y**2 + 19*y - 872. List the prime factors of o(-35).
8263
Suppose -33*a = -35*a + 704. Let q = -212 + a. List the prime factors of q.
2, 5, 7
Suppose -4*a = 5*y + 242 + 643, 665 = -3*a - 4*y. Let r = 904 + a. List the prime factors of r.
13, 53
Suppose 284*s = 79*s + 4225586 - 308856. What are the prime factors of s?
2, 41, 233
Suppose r + 2*r = -5*b + 3, 0 = b + 2*r + 5. Suppose -v - 4*n = -210, 5*v - 999 = -0*n - b*n. Let q = -49 + v. List the prime factors of q.
149
Let h = 4 + -1. Suppose -j = -h*j + 4*i + 1226, 2*j - 1227 = 3*i. Suppose 5*c + 6*b - j = 2*b, 3*b - 615 = -5*c. What are the prime factors of c?
3, 41
Suppose 0 = 3*h + 6, -6*m + 3*m = 3*h - 38331. List the prime factors of m.
13, 983
Suppose 8 = -4*n, 0 = -3*d - 13*n + 10*n + 23832. What are the prime factors of d?
2, 29, 137
Suppose -4*c - 2*d + 16 = -0*c, d - 2 = 0. Let p be 12/4 - (-5 + 3/1). Suppose -p*z - 330 = -5*f, 5*z - z + 194 = c*f. What are the prime factors of f?
2, 5, 7
Let f be (10/4 - 2)*(8 - -3546). Suppose 4*z = -5*j + f + 1254, 5 = -j. What are the prime factors of z?
2, 191
Suppose 0 = -90*n + 75*n - 17490. Let z = 343 - n. What are the prime factors of z?
3, 503
Let m = 0 - -60. Let r be ((-72)/m)/((-2)/170). Suppose 51 = 3*w - r. What are the prime factors of w?
3, 17
Suppose 0 = 3*k - u - 83199 - 73449, -u - 261082 = -5*k. What are the prime factors of k?
11, 47, 101
Let x(a) = 607*a**2 + 53*a - 353. What are the prime factors of x(6)?
21817
Suppose -301 + 77 = 4*k. Let u be (k/12)/(6/(-9)). List the prime factors of (-1 + u)*(14 + (-2)/(-1)).
2, 3
Suppose 0 = 2*m + b - 16, -4*m + 2*b = 3*b - 36